 20751.
3, 6917
What are the prime factors of 8764941?
3, 2921647
What are the prime factors of 3827679?
3, 1275893
List the prime factors of 270583.
270583
List the prime factors of 179769.
3, 31, 1933
List the prime factors of 22222.
2, 41, 271
What are the prime factors of 90909?
3, 7, 13, 37
List the prime factors of 1119946.
2, 559973
List the prime factors of 122984.
2, 15373
List the prime factors of 6614794.
2, 113, 29269
List the prime factors of 4213174.
2, 7, 19, 47, 337
List the prime factors of 8994588.
2, 3, 31, 24179
What are the prime factors of 10886960?
2, 5, 7, 19441
What are the prime factors of 163741?
163741
What are the prime factors of 10664042?
2, 23, 231827
List the prime factors of 704370.
2, 3, 5, 53, 443
What are the prime factors of 424470?
2, 3, 5, 14149
List the prime factors of 326168.
2, 40771
List the prime factors of 245347.
19, 37, 349
List the prime factors of 1976448.
2, 3, 5147
What are the prime factors of 8397647?
59, 317, 449
What are the prime factors of 7947292?
2, 1986823
What are the prime factors of 314338?
2, 73, 2153
List the prime factors of 423382.
2, 211691
List the prime factors of 34855488.
2, 3, 23, 877
List the prime factors of 2000485.
5, 53, 7549
What are the prime factors of 347865?
3, 5, 7, 3313
List the prime factors of 6576612.
2, 3, 7, 59, 1327
List the prime factors of 3272218.
2, 19, 86111
List the prime factors of 1180858.
2, 7, 84347
What are the prime factors of 24476398?
2, 71, 97, 1777
What are the prime factors of 307180?
2, 5, 15359
List the prime factors of 9559195.
5, 1911839
What are the prime factors of 22278423?
3, 47, 158003
List the prime factors of 16878596.
2, 7, 23, 26209
List the prime factors of 4764880.
2, 5, 59561
List the prime factors of 11009931.
3, 17, 59, 3659
List the prime factors of 982103.
982103
List the prime factors of 5423557.
5423557
What are the prime factors of 208812?
2, 3, 17401
What are the prime factors of 277400?
2, 5, 19, 73
What are the prime factors of 3477504?
2, 3, 283
What are the prime factors of 10275572?
2, 23, 61, 1831
List the prime factors of 219314.
2, 53, 2069
What are the prime factors of 2056137?
3, 31, 22109
List the prime factors of 14058998.
2, 79, 101, 881
What are the prime factors of 1450503?
3, 161167
List the prime factors of 144594.
2, 3, 29, 277
What are the prime factors of 1112571?
3, 123619
List the prime factors of 482434.
2, 109, 2213
What are the prime factors of 552374?
2, 276187
List the prime factors of 140102.
2, 70051
List the prime factors of 3088222.
2, 19, 181, 449
What are the prime factors of 186391?
186391
List the prime factors of 58971.
3, 11, 1787
What are the prime factors of 72079?
7, 1471
What are the prime factors of 1685400?
2, 3, 5, 53
What are the prime factors of 1223793?
3, 135977
What are the prime factors of 2598480?
2, 3, 5, 401
List the prime factors of 17813803.
7, 41, 8867
What are the prime factors of 9120760?
2, 5, 11, 19, 1091
What are the prime factors of 349458?
2, 3, 58243
List the prime factors of 19667.
71, 277
What are the prime factors of 4557719?
4557719
List the prime factors of 20515097.
20515097
List the prime factors of 738680.
2, 5, 59, 313
List the prime factors of 3578579.
109, 32831
List the prime factors of 8471128.
2, 1058891
What are the prime factors of 6069717?
3, 769, 877
List the prime factors of 374156.
2, 89, 1051
List the prime factors of 277686.
2, 3, 15427
List the prime factors of 2980490.
2, 5, 298049
List the prime factors of 2866671.
3, 47, 251
List the prime factors of 1091454.
2, 3, 7, 13, 1999
List the prime factors of 559722.
2, 3, 93287
What are the prime factors of 12185391?
3, 163, 24919
List the prime factors of 2164648.
2, 37, 71, 103
List the prime factors of 285233.
13, 37, 593
List the prime factors of 26647627.
131, 203417
List the prime factors of 869840.
2, 5, 83, 131
What are the prime factors of 450157?
101, 4457
What are the prime factors of 232248?
2, 3, 9677
List the prime factors of 6712299.
3, 11, 67801
List the prime factors of 119697.
3, 17, 2347
List the prime factors of 139841.
13, 31, 347
What are the prime factors of 6702958?
2, 157, 21347
What are the prime factors of 730724?
2, 182681
What are the prime factors of 256581?
3, 13, 17, 43
What are the prime factors of 1702475?
5, 68099
What are the prime factors of 1761197?
103, 17099
List the prime factors of 567432.
2, 3, 37, 71
List the prime factors of 2178986.
2, 41, 26573
List the prime factors of 599498.
2, 299749
List the prime factors of 12675117.
3, 7, 13, 29, 1601
What are the prime factors of 59895?
3, 5, 11
List the prime factors of 2288194.
2, 163, 7019
What are the prime factors of 11368900?
2, 5, 23, 4943
List the prime factors of 9206344.
2, 7, 79, 2081
List the prime factors of 9381714.
2, 3, 1563619
What are the prime factors of 2832122?
2, 1416061
What are the prime factors of 611859?
3, 203953
List the prime factors of 2059018.
2, 13, 79193
What are the prime factors of 402346?
2, 7, 29, 991
List the prime factors of 242813.
242813
List the prime factors of 2026068.
2, 3, 11, 15349
What are the prime factors of 451661?
7, 113, 571
List the prime factors of 18162189.
3, 2018021
List the prime factors of 9679839.
3, 13, 248201
What are the prime factors of 231630?
2, 3, 5, 7, 1103
List the prime factors of 47276.
2, 53, 223
What are the prime factors of 4845275?
5, 193811
What are the prime factors of 608167?
7, 283, 307
What are the prime factors of 1203241?
13, 92557
List the prime factors of 6647003.
11, 29, 67, 311
What are the prime factors of 15966595?
5, 3193319
List the prime factors of 18292607.
18292607
List the prime factors of 5550268.
2, 23, 43, 61
List the prime factors of 1271201.
1271201
List the prime factors of 8340271.
31, 269041
What are the prime factors of 317023?
7, 45289
What are the prime factors of 367508?
2, 79, 1163
List the prime factors of 1354094.
2, 7, 311
List the prime factors of 742911.
3, 13, 43, 443
List the prime factors of 555420.
2, 3, 5, 9257
List the prime factors of 452432.
2, 28277
List the prime factors of 3164644.
2, 7, 113023
What are the prime factors of 190937?
41, 4657
List the prime factors of 7481.
7481
List the prime factors of 413597.
413597
What are the prime factors of 18071811?
3, 2007979
What are the prime factors of 27295?
5, 53, 103
List the prime factors of 382323.
3, 31, 4111
What are the prime factors of 4311555?
3, 5, 287437
List the prime factors of 56807.
56807
List the prime factors of 1002755.
5, 13, 15427
List the prime factors of 5366204.
2, 1341551
What are the prime factors of 9723226?
2, 709, 6857
List the prime factors of 18492449.
359, 51511
List the prime factors of 382369.
13, 67, 439
List the prime factors of 106334.
2, 79, 673
What are the prime factors of 177020?
2, 5, 53, 167
What are the prime factors of 159293?
159293
List the prime factors of 2720953.
2720953
List the prime factors of 116412.
2, 3, 89, 109
List the prime factors of 10493723.
89, 157, 751
What are the prime factors of 6044240?
2, 5, 75553
What are the prime factors of 415962?
2, 3, 7703
What are the prime factors of 1485710?
2, 5, 101, 1471
What are the prime factors of 55702?
2, 27851
What are the prime factors of 7825852?
2, 773, 2531
What are the prime factors of 2874518?
2, 127, 11317
What are the prime factors of 5199091?
29, 61, 2939
What are the prime factors of 4886736?
2, 3, 101807
What are the prime factors of 576028?
2, 17, 43, 197
List the prime factors of 8287410.
2, 3, 5, 276247
What are the prime factors of 668959?
668959
What are the prime factors of 5216182?
2, 2608091
List the prime factors of 433054.
2, 293, 739
What are the prime factors of 54651?
3, 18217
List the prime factors of 18461806.
2, 11, 19, 29, 1523
List the prime factors of 922982.
2, 19, 107, 227
List the prime factors of 148668.
2, 3, 13, 953
What are the prime factors of 163177?
7, 23311
What are the prime factors of 520051?
7, 74293
List the prime factors of 932962.
2, 193, 2417
List the prime factors of 13612.
2, 41, 83
List the prime factors of 251099.
251099
List the prime factors of 10884007.
31, 351097
List the prime factors of 1669731.
3, 7, 23, 3457
List the prime factors of 2636619.
3, 878873
List the